{"id":90,"date":"2026-02-16T23:13:39","date_gmt":"2026-02-16T23:13:39","guid":{"rendered":"https:\/\/flyfishingpassion.fr\/?page_id=90"},"modified":"2026-02-21T12:40:52","modified_gmt":"2026-02-21T12:40:52","slug":"animations","status":"publish","type":"page","link":"https:\/\/flyfishingpassion.fr\/?page_id=90","title":{"rendered":"Animations p\u00eache"},"content":{"rendered":"\n<div class=\"wp-block-media-text is-stacked-on-mobile has-ast-global-color-4-background-color has-text-color has-background has-link-color has-medium-font-size wp-elements-af6997b88038466de78473ebaffdba99\" style=\"border-top-left-radius:50px;border-top-right-radius:50px;border-bottom-left-radius:50px;border-bottom-right-radius:50px;color:#2e2e2e\"><figure class=\"wp-block-media-text__media\"><img loading=\"lazy\" decoding=\"async\" width=\"768\" height=\"1024\" src=\"https:\/\/flyfishingpassion.fr\/wp-content\/uploads\/2026\/02\/animation-st-fereole-768x1024.jpg\" alt=\"\" class=\"wp-image-155 size-full\" srcset=\"https:\/\/flyfishingpassion.fr\/wp-content\/uploads\/2026\/02\/animation-st-fereole-768x1024.jpg 768w, https:\/\/flyfishingpassion.fr\/wp-content\/uploads\/2026\/02\/animation-st-fereole-225x300.jpg 225w, https:\/\/flyfishingpassion.fr\/wp-content\/uploads\/2026\/02\/animation-st-fereole-113x150.jpg 113w, https:\/\/flyfishingpassion.fr\/wp-content\/uploads\/2026\/02\/animation-st-fereole-1152x1536.jpg 1152w, https:\/\/flyfishingpassion.fr\/wp-content\/uploads\/2026\/02\/animation-st-fereole.jpg 1200w\" sizes=\"auto, (max-width: 768px) 100vw, 768px\" \/><\/figure><div class=\"wp-block-media-text__content\">\n<p class=\"has-text-align-center\">Une aventure pour les jeunes<\/p>\n\n\n\n<p class=\"has-text-align-center has-ast-global-color-4-background-color has-text-color has-background has-link-color has-medium-font-size wp-elements-f2c4840ff0532c14cf00755b39dc5937\" style=\"color:#2e2e2e\">Offrez aux jeunes une exp\u00e9rience inoubliable au bord de l&rsquo;eau ! \u00c0 travers mes animations ludiques, p\u00e9dagogiques et immersives, ils d\u00e9couvriront les bases de la p\u00eache, le respect de la nature et la vie aquatique. Moments de partage, apprentissages captivants et souvenirs m\u00e9morables garantis ! Une activit\u00e9 id\u00e9ale pour \u00e9veiller leur curiosit\u00e9 tout en s\u2019amusant !<\/p>\n\n\n\n<p class=\"has-text-align-center has-ast-global-color-4-background-color has-text-color has-background has-link-color has-medium-font-size wp-elements-0312fe9908d8fee7498288a79a582aa7\" style=\"color:#2e2e2e\">Je vous propose des animations sur-mesure, adapt\u00e9es \u00e0 tous les niveaux.<\/p>\n\n\n\n<p class=\"has-text-align-center\">De plus, afin de faciliter l\u2019organisation et de permettre \u00e0 chacun de participer dans les meilleures conditions, je mets \u00e0 disposition l\u2019ensemble du mat\u00e9riel n\u00e9cessaire. L&rsquo;\u00e9quipements fournis est adapt\u00e9s pour garantir confort, s\u00e9curit\u00e9 et qualit\u00e9 d\u2019apprentissage. Ainsi, les jeunes peuvent se concentrer pleinement sur la d\u00e9couverte, la pratique et le plaisir d\u2019apprendre, sans contrainte logistique.<\/p>\n\n\n\n<div class=\"wp-block-buttons is-content-justification-center is-layout-flex wp-container-core-buttons-is-layout-a89b3969 wp-block-buttons-is-layout-flex\">\n<div class=\"wp-block-button\"><a class=\"wp-block-button__link has-text-align-center wp-element-button\" href=\"https:\/\/flyfishingpassion.fr\/?page_id=92\">Tarifs<\/a><\/div>\n<\/div>\n<\/div><\/div>\n\n\n\n<p><\/p>\n","protected":false},"excerpt":{"rendered":"","protected":false},"author":1,"featured_media":0,"parent":0,"menu_order":0,"comment_status":"closed","ping_status":"closed","template":"","meta":{"site-sidebar-layout":"default","site-content-layout":"","ast-site-content-layout":"default","site-content-style":"default","site-sidebar-style":"default","ast-global-header-display":"","ast-banner-title-visibility":"","ast-main-header-display":"","ast-hfb-above-header-display":"","ast-hfb-below-header-display":"","ast-hfb-mobile-header-display":"","site-post-title":"","ast-breadcrumbs-content":"","ast-featured-img":"","footer-sml-layout":"","ast-disable-related-posts":"","theme-transparent-header-meta":"","adv-header-id-meta":"","stick-header-meta":"","header-above-stick-meta":"","header-main-stick-meta":"","header-below-stick-meta":"","astra-migrate-meta-layouts":"default","ast-page-background-enabled":"default","ast-page-background-meta":{"desktop":{"background-color":"var(--ast-global-color-5)","background-image":"","background-repeat":"repeat","background-position":"center center","background-size":"auto","background-attachment":"scroll","background-type":"","background-media":"","overlay-type":"","overlay-color":"","overlay-opacity":"","overlay-gradient":""},"tablet":{"background-color":"","background-image":"","background-repeat":"repeat","background-position":"center center","background-size":"auto","background-attachment":"scroll","background-type":"","background-media":"","overlay-type":"","overlay-color":"","overlay-opacity":"","overlay-gradient":""},"mobile":{"background-color":"","background-image":"","background-repeat":"repeat","background-position":"center center","background-size":"auto","background-attachment":"scroll","background-type":"","background-media":"","overlay-type":"","overlay-color":"","overlay-opacity":"","overlay-gradient":""}},"ast-content-background-meta":{"desktop":{"background-color":"var(--ast-global-color-4)","background-image":"","background-repeat":"repeat","background-position":"center center","background-size":"auto","background-attachment":"scroll","background-type":"","background-media":"","overlay-type":"","overlay-color":"","overlay-opacity":"","overlay-gradient":""},"tablet":{"background-color":"var(--ast-global-color-4)","background-image":"","background-repeat":"repeat","background-position":"center center","background-size":"auto","background-attachment":"scroll","background-type":"","background-media":"","overlay-type":"","overlay-color":"","overlay-opacity":"","overlay-gradient":""},"mobile":{"background-color":"var(--ast-global-color-4)","background-image":"","background-repeat":"repeat","background-position":"center center","background-size":"auto","background-attachment":"scroll","background-type":"","background-media":"","overlay-type":"","overlay-color":"","overlay-opacity":"","overlay-gradient":""}},"footnotes":""},"class_list":["post-90","page","type-page","status-publish","hentry"],"yoast_head":"<!-- This site is optimized with the Yoast SEO plugin v27.3 - https:\/\/yoast.com\/product\/yoast-seo-wordpress\/ -->\n<title>Animations p\u00eache - Lionel leveque<\/title>\n<meta name=\"description\" content=\"Lionel leveque moniteur guide de p\u00eache en Corr\u00e8ze, vous propose des animations ludiques et p\u00e9dagogiques, campings, centre a\u00e8res, \u00e9coles...\" \/>\n<meta name=\"robots\" content=\"index, follow, max-snippet:-1, max-image-preview:large, max-video-preview:-1\" \/>\n<link rel=\"canonical\" href=\"https:\/\/flyfishingpassion.fr\/?page_id=90\" \/>\n<meta property=\"og:locale\" content=\"fr_FR\" \/>\n<meta property=\"og:type\" content=\"article\" \/>\n<meta property=\"og:title\" content=\"Animations p\u00eache - Lionel leveque\" \/>\n<meta property=\"og:description\" content=\"Lionel leveque moniteur guide de p\u00eache en Corr\u00e8ze, vous propose des animations ludiques et p\u00e9dagogiques, campings, centre a\u00e8res, \u00e9coles...\" \/>\n<meta property=\"og:url\" content=\"https:\/\/flyfishingpassion.fr\/?page_id=90\" \/>\n<meta property=\"og:site_name\" content=\"Lionel leveque\" \/>\n<meta property=\"article:modified_time\" content=\"2026-02-21T12:40:52+00:00\" \/>\n<meta property=\"og:image\" content=\"https:\/\/flyfishingpassion.fr\/wp-content\/uploads\/2026\/02\/animation-st-fereole.jpg\" \/>\n\t<meta property=\"og:image:width\" content=\"1200\" \/>\n\t<meta property=\"og:image:height\" content=\"1600\" \/>\n\t<meta property=\"og:image:type\" content=\"image\/jpeg\" \/>\n<meta name=\"twitter:card\" content=\"summary_large_image\" \/>\n<meta name=\"twitter:label1\" content=\"Dur\u00e9e de lecture estim\u00e9e\" \/>\n\t<meta name=\"twitter:data1\" content=\"1 minute\" \/>\n<script type=\"application\/ld+json\" class=\"yoast-schema-graph\">{\"@context\":\"https:\\\/\\\/schema.org\",\"@graph\":[{\"@type\":\"WebPage\",\"@id\":\"https:\\\/\\\/flyfishingpassion.fr\\\/?page_id=90\",\"url\":\"https:\\\/\\\/flyfishingpassion.fr\\\/?page_id=90\",\"name\":\"Animations p\u00eache - Lionel leveque\",\"isPartOf\":{\"@id\":\"https:\\\/\\\/flyfishingpassion.fr\\\/#website\"},\"primaryImageOfPage\":{\"@id\":\"https:\\\/\\\/flyfishingpassion.fr\\\/?page_id=90#primaryimage\"},\"image\":{\"@id\":\"https:\\\/\\\/flyfishingpassion.fr\\\/?page_id=90#primaryimage\"},\"thumbnailUrl\":\"https:\\\/\\\/flyfishingpassion.fr\\\/wp-content\\\/uploads\\\/2026\\\/02\\\/animation-st-fereole-768x1024.jpg\",\"datePublished\":\"2026-02-16T23:13:39+00:00\",\"dateModified\":\"2026-02-21T12:40:52+00:00\",\"description\":\"Lionel leveque moniteur guide de p\u00eache en Corr\u00e8ze, vous propose des animations ludiques et p\u00e9dagogiques, campings, centre a\u00e8res, \u00e9coles...\",\"breadcrumb\":{\"@id\":\"https:\\\/\\\/flyfishingpassion.fr\\\/?page_id=90#breadcrumb\"},\"inLanguage\":\"fr-FR\",\"potentialAction\":[{\"@type\":\"ReadAction\",\"target\":[\"https:\\\/\\\/flyfishingpassion.fr\\\/?page_id=90\"]}]},{\"@type\":\"ImageObject\",\"inLanguage\":\"fr-FR\",\"@id\":\"https:\\\/\\\/flyfishingpassion.fr\\\/?page_id=90#primaryimage\",\"url\":\"https:\\\/\\\/flyfishingpassion.fr\\\/wp-content\\\/uploads\\\/2026\\\/02\\\/animation-st-fereole.jpg\",\"contentUrl\":\"https:\\\/\\\/flyfishingpassion.fr\\\/wp-content\\\/uploads\\\/2026\\\/02\\\/animation-st-fereole.jpg\",\"width\":1200,\"height\":1600},{\"@type\":\"BreadcrumbList\",\"@id\":\"https:\\\/\\\/flyfishingpassion.fr\\\/?page_id=90#breadcrumb\",\"itemListElement\":[{\"@type\":\"ListItem\",\"position\":1,\"name\":\"Accueil\",\"item\":\"https:\\\/\\\/flyfishingpassion.fr\\\/\"},{\"@type\":\"ListItem\",\"position\":2,\"name\":\"Animations p\u00eache\"}]},{\"@type\":\"WebSite\",\"@id\":\"https:\\\/\\\/flyfishingpassion.fr\\\/#website\",\"url\":\"https:\\\/\\\/flyfishingpassion.fr\\\/\",\"name\":\"Lionel leveque\",\"description\":\"Moniteur guide de p\u00eache \u00e0 la mouche en Corr\u00e8ze\",\"publisher\":{\"@id\":\"https:\\\/\\\/flyfishingpassion.fr\\\/#organization\"},\"potentialAction\":[{\"@type\":\"SearchAction\",\"target\":{\"@type\":\"EntryPoint\",\"urlTemplate\":\"https:\\\/\\\/flyfishingpassion.fr\\\/?s={search_term_string}\"},\"query-input\":{\"@type\":\"PropertyValueSpecification\",\"valueRequired\":true,\"valueName\":\"search_term_string\"}}],\"inLanguage\":\"fr-FR\"},{\"@type\":\"Organization\",\"@id\":\"https:\\\/\\\/flyfishingpassion.fr\\\/#organization\",\"name\":\"Lionel leveque\",\"url\":\"https:\\\/\\\/flyfishingpassion.fr\\\/\",\"logo\":{\"@type\":\"ImageObject\",\"inLanguage\":\"fr-FR\",\"@id\":\"https:\\\/\\\/flyfishingpassion.fr\\\/#\\\/schema\\\/logo\\\/image\\\/\",\"url\":\"https:\\\/\\\/flyfishingpassion.fr\\\/wp-content\\\/uploads\\\/2026\\\/02\\\/cropped-logo_png-sans-arriere-plan-1.png\",\"contentUrl\":\"https:\\\/\\\/flyfishingpassion.fr\\\/wp-content\\\/uploads\\\/2026\\\/02\\\/cropped-logo_png-sans-arriere-plan-1.png\",\"width\":610,\"height\":329,\"caption\":\"Lionel leveque\"},\"image\":{\"@id\":\"https:\\\/\\\/flyfishingpassion.fr\\\/#\\\/schema\\\/logo\\\/image\\\/\"}}]}<\/script>\n<!-- \/ Yoast SEO plugin. -->","yoast_head_json":{"title":"Animations p\u00eache - Lionel leveque","description":"Lionel leveque moniteur guide de p\u00eache en Corr\u00e8ze, vous propose des animations ludiques et p\u00e9dagogiques, campings, centre a\u00e8res, \u00e9coles...","robots":{"index":"index","follow":"follow","max-snippet":"max-snippet:-1","max-image-preview":"max-image-preview:large","max-video-preview":"max-video-preview:-1"},"canonical":"https:\/\/flyfishingpassion.fr\/?page_id=90","og_locale":"fr_FR","og_type":"article","og_title":"Animations p\u00eache - Lionel leveque","og_description":"Lionel leveque moniteur guide de p\u00eache en Corr\u00e8ze, vous propose des animations ludiques et p\u00e9dagogiques, campings, centre a\u00e8res, \u00e9coles...","og_url":"https:\/\/flyfishingpassion.fr\/?page_id=90","og_site_name":"Lionel leveque","article_modified_time":"2026-02-21T12:40:52+00:00","og_image":[{"width":1200,"height":1600,"url":"https:\/\/flyfishingpassion.fr\/wp-content\/uploads\/2026\/02\/animation-st-fereole.jpg","type":"image\/jpeg"}],"twitter_card":"summary_large_image","twitter_misc":{"Dur\u00e9e de lecture estim\u00e9e":"1 minute"},"schema":{"@context":"https:\/\/schema.org","@graph":[{"@type":"WebPage","@id":"https:\/\/flyfishingpassion.fr\/?page_id=90","url":"https:\/\/flyfishingpassion.fr\/?page_id=90","name":"Animations p\u00eache - Lionel leveque","isPartOf":{"@id":"https:\/\/flyfishingpassion.fr\/#website"},"primaryImageOfPage":{"@id":"https:\/\/flyfishingpassion.fr\/?page_id=90#primaryimage"},"image":{"@id":"https:\/\/flyfishingpassion.fr\/?page_id=90#primaryimage"},"thumbnailUrl":"https:\/\/flyfishingpassion.fr\/wp-content\/uploads\/2026\/02\/animation-st-fereole-768x1024.jpg","datePublished":"2026-02-16T23:13:39+00:00","dateModified":"2026-02-21T12:40:52+00:00","description":"Lionel leveque moniteur guide de p\u00eache en Corr\u00e8ze, vous propose des animations ludiques et p\u00e9dagogiques, campings, centre a\u00e8res, \u00e9coles...","breadcrumb":{"@id":"https:\/\/flyfishingpassion.fr\/?page_id=90#breadcrumb"},"inLanguage":"fr-FR","potentialAction":[{"@type":"ReadAction","target":["https:\/\/flyfishingpassion.fr\/?page_id=90"]}]},{"@type":"ImageObject","inLanguage":"fr-FR","@id":"https:\/\/flyfishingpassion.fr\/?page_id=90#primaryimage","url":"https:\/\/flyfishingpassion.fr\/wp-content\/uploads\/2026\/02\/animation-st-fereole.jpg","contentUrl":"https:\/\/flyfishingpassion.fr\/wp-content\/uploads\/2026\/02\/animation-st-fereole.jpg","width":1200,"height":1600},{"@type":"BreadcrumbList","@id":"https:\/\/flyfishingpassion.fr\/?page_id=90#breadcrumb","itemListElement":[{"@type":"ListItem","position":1,"name":"Accueil","item":"https:\/\/flyfishingpassion.fr\/"},{"@type":"ListItem","position":2,"name":"Animations p\u00eache"}]},{"@type":"WebSite","@id":"https:\/\/flyfishingpassion.fr\/#website","url":"https:\/\/flyfishingpassion.fr\/","name":"Lionel leveque","description":"Moniteur guide de p\u00eache \u00e0 la mouche en Corr\u00e8ze","publisher":{"@id":"https:\/\/flyfishingpassion.fr\/#organization"},"potentialAction":[{"@type":"SearchAction","target":{"@type":"EntryPoint","urlTemplate":"https:\/\/flyfishingpassion.fr\/?s={search_term_string}"},"query-input":{"@type":"PropertyValueSpecification","valueRequired":true,"valueName":"search_term_string"}}],"inLanguage":"fr-FR"},{"@type":"Organization","@id":"https:\/\/flyfishingpassion.fr\/#organization","name":"Lionel leveque","url":"https:\/\/flyfishingpassion.fr\/","logo":{"@type":"ImageObject","inLanguage":"fr-FR","@id":"https:\/\/flyfishingpassion.fr\/#\/schema\/logo\/image\/","url":"https:\/\/flyfishingpassion.fr\/wp-content\/uploads\/2026\/02\/cropped-logo_png-sans-arriere-plan-1.png","contentUrl":"https:\/\/flyfishingpassion.fr\/wp-content\/uploads\/2026\/02\/cropped-logo_png-sans-arriere-plan-1.png","width":610,"height":329,"caption":"Lionel leveque"},"image":{"@id":"https:\/\/flyfishingpassion.fr\/#\/schema\/logo\/image\/"}}]}},"_links":{"self":[{"href":"https:\/\/flyfishingpassion.fr\/index.php?rest_route=\/wp\/v2\/pages\/90","targetHints":{"allow":["GET"]}}],"collection":[{"href":"https:\/\/flyfishingpassion.fr\/index.php?rest_route=\/wp\/v2\/pages"}],"about":[{"href":"https:\/\/flyfishingpassion.fr\/index.php?rest_route=\/wp\/v2\/types\/page"}],"author":[{"embeddable":true,"href":"https:\/\/flyfishingpassion.fr\/index.php?rest_route=\/wp\/v2\/users\/1"}],"replies":[{"embeddable":true,"href":"https:\/\/flyfishingpassion.fr\/index.php?rest_route=%2Fwp%2Fv2%2Fcomments&post=90"}],"version-history":[{"count":6,"href":"https:\/\/flyfishingpassion.fr\/index.php?rest_route=\/wp\/v2\/pages\/90\/revisions"}],"predecessor-version":[{"id":555,"href":"https:\/\/flyfishingpassion.fr\/index.php?rest_route=\/wp\/v2\/pages\/90\/revisions\/555"}],"wp:attachment":[{"href":"https:\/\/flyfishingpassion.fr\/index.php?rest_route=%2Fwp%2Fv2%2Fmedia&parent=90"}],"curies":[{"name":"wp","href":"https:\/\/api.w.org\/{rel}","templated":true}]}}